{"version":"1.0","provider_name":"Equitas","provider_url":"https:\/\/equitas.site\/tr\/","author_name":"Equitas","author_url":"https:\/\/equitas.site\/tr\/author\/equitas\/","title":"Kuran'a sayg\u0131s\u0131zl\u0131k yapan iki ki\u015fi nefreti k\u00f6r\u00fcklemekten yarg\u0131lan\u0131yor - Equitas","type":"rich","width":600,"height":338,"html":"<blockquote class=\"wp-embedded-content\" data-secret=\"G1mxltlNN0\"><a href=\"https:\/\/equitas.site\/tr\/kurana-saygisizlik-yapan-iki-kisi-nefreti-koruklemekten-yargilaniyor\/\">Kuran&#8217;a sayg\u0131s\u0131zl\u0131k yapan iki ki\u015fi nefreti k\u00f6r\u00fcklemekten yarg\u0131lan\u0131yor<\/a><\/blockquote><iframe sandbox=\"allow-scripts\" security=\"restricted\" src=\"https:\/\/equitas.site\/tr\/kurana-saygisizlik-yapan-iki-kisi-nefreti-koruklemekten-yargilaniyor\/embed\/#?secret=G1mxltlNN0\" width=\"600\" height=\"338\" title=\"&#8220;Kuran&#8217;a sayg\u0131s\u0131zl\u0131k yapan iki ki\u015fi nefreti k\u00f6r\u00fcklemekten yarg\u0131lan\u0131yor&#8221; &#8212; Equitas\" data-secret=\"G1mxltlNN0\" frameborder=\"0\" marginwidth=\"0\" marginheight=\"0\" scrolling=\"no\" class=\"wp-embedded-content\"><\/iframe><script>\n\/*! This file is auto-generated *\/\n!function(d,l){\"use strict\";l.querySelector&&d.addEventListener&&\"undefined\"!=typeof URL&&(d.wp=d.wp||{},d.wp.receiveEmbedMessage||(d.wp.receiveEmbedMessage=function(e){var t=e.data;if((t||t.secret||t.message||t.value)&&!\/[^a-zA-Z0-9]\/.test(t.secret)){for(var s,r,n,a=l.querySelectorAll('iframe[data-secret=\"'+t.secret+'\"]'),o=l.querySelectorAll('blockquote[data-secret=\"'+t.secret+'\"]'),c=new RegExp(\"^https?:$\",\"i\"),i=0;i<o.length;i++)o[i].style.display=\"none\";for(i=0;i<a.length;i++)s=a[i],e.source===s.contentWindow&&(s.removeAttribute(\"style\"),\"height\"===t.message?(1e3<(r=parseInt(t.value,10))?r=1e3:~~r<200&&(r=200),s.height=r):\"link\"===t.message&&(r=new URL(s.getAttribute(\"src\")),n=new URL(t.value),c.test(n.protocol))&&n.host===r.host&&l.activeElement===s&&(d.top.location.href=t.value))}},d.addEventListener(\"message\",d.wp.receiveEmbedMessage,!1),l.addEventListener(\"DOMContentLoaded\",function(){for(var e,t,s=l.querySelectorAll(\"iframe.wp-embedded-content\"),r=0;r<s.length;r++)(t=(e=s[r]).getAttribute(\"data-secret\"))||(t=Math.random().toString(36).substring(2,12),e.src+=\"#?secret=\"+t,e.setAttribute(\"data-secret\",t)),e.contentWindow.postMessage({message:\"ready\",secret:t},\"*\")},!1)))}(window,document);\n\/\/# sourceURL=https:\/\/equitas.site\/wp-includes\/js\/wp-embed.min.js\n<\/script>\n","thumbnail_url":"https:\/\/equitas.site\/wp-content\/uploads\/2024\/09\/Suede-Deux-profanateurs-du-Coran-renvoyes-en-proces-pour-incitation-a-la-haine.png","thumbnail_width":1280,"thumbnail_height":720,"description":"\u0130sve\u00e7li iki savc\u0131, 2023 yaz\u0131nda Kuran&#8217;\u0131 yakmak ve M\u00fcsl\u00fcmanlara hakaret etmek de dahil olmak \u00fczere Kuran&#8217;a defalarca sayg\u0131s\u0131zl\u0131k eden iki ki\u015fiyi mahkemeye sevk etti. \u0130sve\u00e7 h\u00fck\u00fcmeti ge\u00e7mi\u015fte ifade ve toplanma \u00f6zg\u00fcrl\u00fc\u011f\u00fcn\u00fcn \u00fcst\u00fcnl\u00fc\u011f\u00fcn\u00fc vurgulayarak \u0130sve\u00e7 topraklar\u0131nda Kur&#8217;an yak\u0131lmas\u0131n\u0131 k\u0131nam\u0131\u015f olsa da, Ba\u015fsavc\u0131 Anna Hankkio aksi y\u00f6nde karar verdi: Hankkio, ba\u011flama ve ifadelere ba\u011fl\u0131 olarak bu t\u00fcr [&hellip;]"}

Kuran'a saygısızlık yapan iki kişi nefreti körüklemekten yargılanıyor - Equitas

<blockquote class="wp-embedded-content" data-secret="G1mxltlNN0"><a href="https://equitas.site/tr/kurana-saygisizlik-yapan-iki-kisi-nefreti-koruklemekten-yargilaniyor/">Kuran&#8217;a saygısızlık yapan iki kişi nefreti körüklemekten yargılanıyor</a></blockquote><iframe sandbox="allow-scripts" security="restricted" src="https://equitas.site/tr/kurana-saygisizlik-yapan-iki-kisi-nefreti-koruklemekten-yargilaniyor/embed/#?secret=G1mxltlNN0" width="600" height="338" title="&#8220;Kuran&#8217;a saygısızlık yapan iki kişi nefreti körüklemekten yargılanıyor&#8221; &#8212; Equitas" data-secret="G1mxltlNN0" frameborder="0" marginwidth="0" marginheight="0" scrolling="no" class="wp-embedded-content"></iframe><script>
/*! This file is auto-generated */
!function(d,l){"use strict";l.querySelector&&d.addEventListener&&"undefined"!=typeof URL&&(d.wp=d.wp||{},d.wp.receiveEmbedMessage||(d.wp.receiveEmbedMessage=function(e){var t=e.data;if((t||t.secret||t.message||t.value)&&!/[^a-zA-Z0-9]/.test(t.secret)){for(var s,r,n,a=l.querySelectorAll('iframe[data-secret="'+t.secret+'"]'),o=l.querySelectorAll('blockquote[data-secret="'+t.secret+'"]'),c=new RegExp("^https?:$","i"),i=0;i<o.length;i++)o[i].style.display="none";for(i=0;i<a.length;i++)s=a[i],e.source===s.contentWindow&&(s.removeAttribute("style"),"height"===t.message?(1e3<(r=parseInt(t.value,10))?r=1e3:~~r<200&&(r=200),s.height=r):"link"===t.message&&(r=new URL(s.getAttribute("src")),n=new URL(t.value),c.test(n.protocol))&&n.host===r.host&&l.activeElement===s&&(d.top.location.href=t.value))}},d.addEventListener("message",d.wp.receiveEmbedMessage,!1),l.addEventListener("DOMContentLoaded",function(){for(var e,t,s=l.querySelectorAll("iframe.wp-embedded-content"),r=0;r<s.length;r++)(t=(e=s[r]).getAttribute("data-secret"))||(t=Math.random().toString(36).substring(2,12),e.src+="#?secret="+t,e.setAttribute("data-secret",t)),e.contentWindow.postMessage({message:"ready",secret:t},"*")},!1)))}(window,document);
//# sourceURL=https://equitas.site/wp-includes/js/wp-embed.min.js
</script>

İsveçli iki savcı, 2023 yazında Kuran&#8217;ı yakmak ve Müslümanlara hakaret etmek de dahil olmak üzere Kuran&#8217;a defalarca saygısızlık eden iki kişiyi mahkemeye sevk etti. İsveç hükümeti geçmişte ifade ve toplanma özgürlüğünün üstünlüğünü vurgulayarak İsveç topraklarında Kur&#8217;an yakılmasını kınamış olsa da, Başsavcı Anna Hankkio aksi yönde karar verdi: Hankkio, bağlama ve ifadelere bağlı olarak bu tür [&hellip;]
